{"id":9,"date":"2024-11-11T21:40:14","date_gmt":"2024-11-11T21:40:14","guid":{"rendered":"https:\/\/concept.dev.mspot.se\/?page_id=9"},"modified":"2024-11-12T00:19:37","modified_gmt":"2024-11-12T00:19:37","slug":"start","status":"publish","type":"page","link":"https:\/\/concept.dev.mspot.se\/","title":{"rendered":"Start"},"content":{"rendered":"<div id=\"pl-9\"  class=\"panel-layout\" ><div id=\"pg-9-0\"  class=\"panel-grid panel-has-style\" ><div class=\"siteorigin-panels-stretch panel-row-style panel-row-style-for-9-0\" data-stretch-type=\"full-width-stretch\" ><div id=\"pgc-9-0-0\"  class=\"panel-grid-cell\" ><div id=\"panel-9-0-0-0\" class=\"so-panel widget widget_sow-hero panel-first-child panel-last-child\" data-index=\"0\" ><div\n\t\t\t\n\t\t\tclass=\"so-widget-sow-hero so-widget-sow-hero-default-abac540b4052-9 so-widget-fittext-wrapper\"\n\t\t\t data-fit-text-compressor=\"0.85\"\n\t\t>\t\t\t\t<div class=\"sow-slider-base\" style=\"display: none\" tabindex=\"0\">\n\t\t\t\t\t<ul\n\t\t\t\t\tclass=\"sow-slider-images\"\n\t\t\t\t\tdata-settings=\"{&quot;pagination&quot;:true,&quot;speed&quot;:400,&quot;timeout&quot;:8000,&quot;paused&quot;:true,&quot;pause_on_hover&quot;:false,&quot;swipe&quot;:&quot;&quot;,&quot;nav_always_show_desktop&quot;:&quot;&quot;,&quot;nav_always_show_mobile&quot;:&quot;&quot;,&quot;breakpoint&quot;:&quot;780px&quot;,&quot;unmute&quot;:false,&quot;anchor&quot;:null}\"\n\t\t\t\t\t\t\t\t\t\tdata-anchor-id=\"\"\n\t\t\t\t>\t\t<li class=\"sow-slider-image  sow-slider-image-cover\" style=\"visibility: visible;;background-color: #333333;background-image: url(https:\/\/concept.dev.mspot.se\/wp-content\/themes\/landing-pageasy\/images\/top-bg.png)\" >\n\t\t\t\t\t<div class=\"sow-slider-image-container\">\n\t\t\t<div class=\"sow-slider-image-wrapper\">\n\t\t\t\t<img decoding=\"async\" style=\"text-align: center;width: 35vw;margin-left: auto;margin-right: auto\" src=\".\/wp-content\/uploads\/2024\/11\/DeplySmart-Logo-White-1536x255.png\" \/>\n<p style=\"text-align: center\">Det blir inte mycket l\u00e4ttare \u00e4n s\u00e5 h\u00e4r<\/p>\t\t\t<\/div>\n\t\t<\/div>\n\t\t\t\t<\/li>\n\t\t<\/ul>\t\t\t\t<ol class=\"sow-slider-pagination\">\n\t\t\t\t\t\t\t\t\t\t\t<li><a href=\"#\" data-goto=\"0\" aria-label=\"Display slide 1\"><\/a><\/li>\n\t\t\t\t\t\t\t\t\t<\/ol>\n\n\t\t\t\t<div class=\"sow-slide-nav sow-slide-nav-next\">\n\t\t\t\t\t<a href=\"#\" data-goto=\"next\" aria-label=\"Next slide\" data-action=\"next\">\n\t\t\t\t\t\t<em class=\"sow-sld-icon-thin-right\"><\/em>\n\t\t\t\t\t<\/a>\n\t\t\t\t<\/div>\n\n\t\t\t\t<div class=\"sow-slide-nav sow-slide-nav-prev\">\n\t\t\t\t\t<a href=\"#\" data-goto=\"previous\" aria-label=\"Previous slide\" data-action=\"prev\">\n\t\t\t\t\t\t<em class=\"sow-sld-icon-thin-left\"><\/em>\n\t\t\t\t\t<\/a>\n\t\t\t\t<\/div>\n\t\t\t\t<\/div><\/div><\/div><\/div><\/div><\/div><div id=\"pg-9-1\"  class=\"panel-grid panel-no-style\" ><div id=\"pgc-9-1-0\"  class=\"panel-grid-cell\" ><div id=\"panel-9-1-0-0\" class=\"so-panel widget widget_sow-features panel-first-child\" data-index=\"1\" ><div\n\t\t\t\n\t\t\tclass=\"so-widget-sow-features so-widget-sow-features-default-e27fbad7ac6e-9\"\n\t\t\t\n\t\t><ul\n\tclass=\"sow-features-list\n\tsow-features-responsive\">\n\n\t\t\t<li\n\t\t\tclass=\"sow-features-feature sow-icon-container-position-top\"\n\t\t\tstyle=\"display: flex; flex-direction: column; width: calc(100% - 25px);\"\n\t\t>\n\t\t\t\n\t\t\t\t\t\t<div\t\t\t\tclass=\"sow-icon-container sow-container-round\"\n\t\t\t\tstyle=\"color: #404040; \"\n\t\t\t\t\n\t\t\t\t\t\t\t>\n\t\t\t\t<span class=\"sow-icon-fontawesome sow-far\" data-sow-icon=\"&#xf2bd;\"\n\t\tstyle=\"font-size: 24px; color: #fff\" \n\t\taria-hidden=\"true\"><\/span>\t\t\t<\/div>\n\n\t\t\t<div class=\"textwidget\">\n\t\t\t\t\n\t\t\t\t\n\t\t\t\t\t\t\t<\/div>\n\t\t\t\t\t\t\t\t<\/li>\n\n\t<\/ul>\n<\/div><\/div><div id=\"panel-9-1-0-1\" class=\"so-panel widget widget_text panel-last-child\" data-index=\"2\" ><h3 class=\"widget-title\">Varf\u00f6r DeploySmart?<\/h3>\t\t\t<div class=\"textwidget\"><p>Vi g\u00f6r det enkelt f\u00f6r ditt f\u00f6retag att koncentrera sig p\u00e5 det som \u00e4r viktigt, det ska inte beh\u00f6va ta en hel dag att s\u00e4tta upp sin dator n\u00e4r man har bytt.<\/p>\n<\/div>\n\t\t<\/div><\/div><div id=\"pgc-9-1-1\"  class=\"panel-grid-cell\" ><div id=\"panel-9-1-1-0\" class=\"so-panel widget widget_sow-features panel-first-child\" data-index=\"3\" ><div\n\t\t\t\n\t\t\tclass=\"so-widget-sow-features so-widget-sow-features-default-e27fbad7ac6e-9\"\n\t\t\t\n\t\t><ul\n\tclass=\"sow-features-list\n\tsow-features-responsive\">\n\n\t\t\t<li\n\t\t\tclass=\"sow-features-feature sow-icon-container-position-top\"\n\t\t\tstyle=\"display: flex; flex-direction: column; width: calc(100% - 25px);\"\n\t\t>\n\t\t\t\n\t\t\t\t\t\t<div\t\t\t\tclass=\"sow-icon-container sow-container-round\"\n\t\t\t\tstyle=\"color: #404040; \"\n\t\t\t\t\n\t\t\t\t\t\t\t>\n\t\t\t\t<span class=\"sow-icon-fontawesome sow-far\" data-sow-icon=\"&#xf252;\"\n\t\tstyle=\"font-size: 24px; color: #fff\" \n\t\taria-hidden=\"true\"><\/span>\t\t\t<\/div>\n\n\t\t\t<div class=\"textwidget\">\n\t\t\t\t\n\t\t\t\t\n\t\t\t\t\t\t\t<\/div>\n\t\t\t\t\t\t\t\t<\/li>\n\n\t<\/ul>\n<\/div><\/div><div id=\"panel-9-1-1-1\" class=\"so-panel widget widget_text panel-last-child\" data-index=\"4\" ><h3 class=\"widget-title\">Vad g\u00f6r vi?<\/h3>\t\t\t<div class=\"textwidget\"><p>Vi s\u00e4tter upp era datorer och f\u00f6r-installerar alla era applikationer i ett standard paket, p\u00e5 det viset \u00e4r det l\u00e4ttare f\u00f6r er att byta datorer n\u00e4r behovet finns. Dessutom sparar ni tid och pengar n\u00e4r ni kan koncentrera er p\u00e5 er k\u00e4rnverksamhet.<\/p>\n<\/div>\n\t\t<\/div><\/div><div id=\"pgc-9-1-2\"  class=\"panel-grid-cell\" ><div id=\"panel-9-1-2-0\" class=\"so-panel widget widget_sow-features panel-first-child\" data-index=\"5\" ><div\n\t\t\t\n\t\t\tclass=\"so-widget-sow-features so-widget-sow-features-default-e27fbad7ac6e-9\"\n\t\t\t\n\t\t><ul\n\tclass=\"sow-features-list\n\tsow-features-responsive\">\n\n\t\t\t<li\n\t\t\tclass=\"sow-features-feature sow-icon-container-position-top\"\n\t\t\tstyle=\"display: flex; flex-direction: column; width: calc(100% - 25px);\"\n\t\t>\n\t\t\t\n\t\t\t\t\t\t<div\t\t\t\tclass=\"sow-icon-container sow-container-round\"\n\t\t\t\tstyle=\"color: #404040; \"\n\t\t\t\t\n\t\t\t\t\t\t\t>\n\t\t\t\t<span class=\"sow-icon-fontawesome sow-far\" data-sow-icon=\"&#xf2d2;\"\n\t\tstyle=\"font-size: 24px; color: #fff\" \n\t\taria-hidden=\"true\"><\/span>\t\t\t<\/div>\n\n\t\t\t<div class=\"textwidget\">\n\t\t\t\t\n\t\t\t\t\n\t\t\t\t\t\t\t<\/div>\n\t\t\t\t\t\t\t\t<\/li>\n\n\t<\/ul>\n<\/div><\/div><div id=\"panel-9-1-2-1\" class=\"so-panel widget widget_text panel-last-child\" data-index=\"6\" ><h3 class=\"widget-title\">Vad \u00e4r urvalet av applikationer?<\/h3>\t\t\t<div class=\"textwidget\"><p>Vi koncentrerar oss p\u00e5 att ge ert f\u00f6retag den b\u00e4sta upplevelsen, d\u00e4rf\u00f6r \u00e4r det bara ni som s\u00e4tter gr\u00e4nserna p\u00e5 vilka applikationer som kr\u00e4vs.<\/p>\n<\/div>\n\t\t<\/div><\/div><div id=\"pgc-9-1-3\"  class=\"panel-grid-cell\" ><div id=\"panel-9-1-3-0\" class=\"so-panel widget widget_sow-features panel-first-child\" data-index=\"7\" ><div\n\t\t\t\n\t\t\tclass=\"so-widget-sow-features so-widget-sow-features-default-e27fbad7ac6e-9\"\n\t\t\t\n\t\t><ul\n\tclass=\"sow-features-list\n\tsow-features-responsive\">\n\n\t\t\t<li\n\t\t\tclass=\"sow-features-feature sow-icon-container-position-top\"\n\t\t\tstyle=\"display: flex; flex-direction: column; width: calc(100% - 25px);\"\n\t\t>\n\t\t\t\n\t\t\t\t\t\t<div\t\t\t\tclass=\"sow-icon-container sow-container-round\"\n\t\t\t\tstyle=\"color: #404040; \"\n\t\t\t\t\n\t\t\t\t\t\t\t>\n\t\t\t\t<span class=\"sow-icon-fontawesome sow-far\" data-sow-icon=\"&#xf2b5;\"\n\t\tstyle=\"font-size: 24px; color: #fff\" \n\t\taria-hidden=\"true\"><\/span>\t\t\t<\/div>\n\n\t\t\t<div class=\"textwidget\">\n\t\t\t\t\n\t\t\t\t\n\t\t\t\t\t\t\t<\/div>\n\t\t\t\t\t\t\t\t<\/li>\n\n\t<\/ul>\n<\/div><\/div><div id=\"panel-9-1-3-1\" class=\"so-panel widget widget_text panel-last-child\" data-index=\"8\" ><h3 class=\"widget-title\">Vad kostar kalaset?<\/h3>\t\t\t<div class=\"textwidget\"><p>Priset best\u00e4ms av flera faktorer, vilken dator modell samt hur m\u00e5nga applikationer som kr\u00e4vs, d\u00e4r efter \u00e4r det bara att best\u00e4lla, ink\u00f6p plus installation = mer tid f\u00f6r ert f\u00f6retag.<\/p>\n<\/div>\n\t\t<\/div><\/div><\/div><div id=\"pg-9-2\"  class=\"panel-grid panel-no-style\" ><div id=\"pgc-9-2-0\"  class=\"panel-grid-cell\" ><div id=\"panel-9-2-0-0\" class=\"so-panel widget widget_text panel-first-child panel-last-child\" data-index=\"9\" ><h3 class=\"widget-title\">Vi v\u00e4rdes\u00e4tter ditt f\u00f6retag<\/h3>\t\t\t<div class=\"textwidget\"><p>Vi f\u00f6rst\u00e5r v\u00e4rdet i h\u00e5rt arbete, d\u00e4rf\u00f6r skapar vi tj\u00e4nsten DeploySmart, Den smarta l\u00f6sningen f\u00f6r att implementera nya datorer i ert bolag. Ingen vill sitta 8+ timmar med en ny dator och g\u00f6ra den &#8220;start klar&#8221;, s\u00e5 vi automatiserar processen \u00e5t er s\u00e5 ni kan fokusera p\u00e5 det ni g\u00f6r b\u00e4st.<\/p>\n<p>Genom att automatisera installationen av era datorer via oss s\u00e5 sparar ni b\u00e5de tid och pengar. M\u00e5nga p\u00e5 f\u00f6retaget g\u00f6r samma saker, kr\u00e4ver samma program och samma h\u00e5rdvara. S\u00e5 varf\u00f6r inte v\u00e4lja ut en &#8220;Standard&#8221; upps\u00e4ttning som g\u00f6r att det blir enkelt f\u00f6r alla att komma ig\u00e5ng? Du listar din krav spec och vi l\u00f6ser resten, du kan g\u00f6ra din best\u00e4llning en g\u00e5ng eller l\u00f6pande, det spelar ingen roll f\u00f6r oss. Om du beh\u00f6ver n\u00e5got som inte finns med i din kravlista kan vi s\u00e5 klart g\u00f6ra ett undantag och l\u00f6sa \u00e4ven detta.<\/p>\n<\/div>\n\t\t<\/div><\/div><\/div><div id=\"pg-9-3\"  class=\"panel-grid panel-no-style\" ><div id=\"pgc-9-3-0\"  class=\"panel-grid-cell\" ><div id=\"panel-9-3-0-0\" class=\"widget_text so-panel widget widget_custom_html panel-first-child panel-last-child\" data-index=\"10\" ><h3 class=\"widget-title\">Mer information inom kort!<\/h3><div class=\"textwidget custom-html-widget\"><H2>\n\tTest\n<\/H2><\/div><\/div><\/div><\/div><\/div>","protected":false},"excerpt":{"rendered":"<p>Vi g\u00f6r det enkelt f\u00f6r ditt f\u00f6retag att koncentrera sig p\u00e5 det som \u00e4r viktigt, det ska inte beh\u00f6va ta en hel dag att s\u00e4tta upp sin dator n\u00e4r man har bytt. Vi s\u00e4tter upp era datorer och f\u00f6r-installerar alla era applikationer i ett standard paket, p\u00e5 det viset \u00e4r det l\u00e4ttare f\u00f6r er att<\/p>\n<p class=\"more-link\"><a href=\"https:\/\/concept.dev.mspot.se\/\" class=\"themebutton2\">Read More<\/a><\/p>\n","protected":false},"author":1,"featured_media":0,"parent":0,"menu_order":0,"comment_status":"closed","ping_status":"closed","template":"","meta":{"footnotes":""},"class_list":["post-9","page","type-page","status-publish","hentry"],"_links":{"self":[{"href":"https:\/\/concept.dev.mspot.se\/index.php?rest_route=\/wp\/v2\/pages\/9","targetHints":{"allow":["GET"]}}],"collection":[{"href":"https:\/\/concept.dev.mspot.se\/index.php?rest_route=\/wp\/v2\/pages"}],"about":[{"href":"https:\/\/concept.dev.mspot.se\/index.php?rest_route=\/wp\/v2\/types\/page"}],"author":[{"embeddable":true,"href":"https:\/\/concept.dev.mspot.se\/index.php?rest_route=\/wp\/v2\/users\/1"}],"replies":[{"embeddable":true,"href":"https:\/\/concept.dev.mspot.se\/index.php?rest_route=%2Fwp%2Fv2%2Fcomments&post=9"}],"version-history":[{"count":5,"href":"https:\/\/concept.dev.mspot.se\/index.php?rest_route=\/wp\/v2\/pages\/9\/revisions"}],"predecessor-version":[{"id":53,"href":"https:\/\/concept.dev.mspot.se\/index.php?rest_route=\/wp\/v2\/pages\/9\/revisions\/53"}],"wp:attachment":[{"href":"https:\/\/concept.dev.mspot.se\/index.php?rest_route=%2Fwp%2Fv2%2Fmedia&parent=9"}],"curies":[{"name":"wp","href":"https:\/\/api.w.org\/{rel}","templated":true}]}}